{"version":"1.0","provider_name":"HIIG","provider_url":"https:\/\/www.hiig.de\/en\/","title":"Recht der Digitalisierung III &#8211; HIIG","type":"rich","width":600,"height":338,"html":"<blockquote class=\"wp-embedded-content\" data-secret=\"d1sApSUEdu\"><a href=\"https:\/\/www.hiig.de\/en\/publication\/recht-der-digitalisierung-iii\/\">Recht der Digitalisierung III<\/a><\/blockquote><iframe sandbox=\"allow-scripts\" security=\"restricted\" src=\"https:\/\/www.hiig.de\/en\/publication\/recht-der-digitalisierung-iii\/embed\/#?secret=d1sApSUEdu\" width=\"600\" height=\"338\" title=\"&#8220;Recht der Digitalisierung III&#8221; &#8212; HIIG\" data-secret=\"d1sApSUEdu\" frameborder=\"0\" marginwidth=\"0\" marginheight=\"0\" scrolling=\"no\" class=\"wp-embedded-content\"><\/iframe><script>\n\/*! This file is auto-generated *\/\n!function(d,l){\"use strict\";l.querySelector&&d.addEventListener&&\"undefined\"!=typeof URL&&(d.wp=d.wp||{},d.wp.receiveEmbedMessage||(d.wp.receiveEmbedMessage=function(e){var t=e.data;if((t||t.secret||t.message||t.value)&&!\/[^a-zA-Z0-9]\/.test(t.secret)){for(var s,r,n,a=l.querySelectorAll('iframe[data-secret=\"'+t.secret+'\"]'),o=l.querySelectorAll('blockquote[data-secret=\"'+t.secret+'\"]'),c=new RegExp(\"^https?:$\",\"i\"),i=0;i<o.length;i++)o[i].style.display=\"none\";for(i=0;i<a.length;i++)s=a[i],e.source===s.contentWindow&&(s.removeAttribute(\"style\"),\"height\"===t.message?(1e3<(r=parseInt(t.value,10))?r=1e3:~~r<200&&(r=200),s.height=r):\"link\"===t.message&&(r=new URL(s.getAttribute(\"src\")),n=new URL(t.value),c.test(n.protocol))&&n.host===r.host&&l.activeElement===s&&(d.top.location.href=t.value))}},d.addEventListener(\"message\",d.wp.receiveEmbedMessage,!1),l.addEventListener(\"DOMContentLoaded\",function(){for(var e,t,s=l.querySelectorAll(\"iframe.wp-embedded-content\"),r=0;r<s.length;r++)(t=(e=s[r]).getAttribute(\"data-secret\"))||(t=Math.random().toString(36).substring(2,12),e.src+=\"#?secret=\"+t,e.setAttribute(\"data-secret\",t)),e.contentWindow.postMessage({message:\"ready\",secret:t},\"*\")},!1)))}(window,document);\n\/\/# sourceURL=https:\/\/www.hiig.de\/wp-includes\/js\/wp-embed.min.js\n<\/script>\n","thumbnail_url":"https:\/\/www.hiig.de\/wp-content\/uploads\/2026\/04\/large2.png","thumbnail_width":480,"thumbnail_height":718,"description":"Der vorliegende Band greift in sieben Beitr\u00e4gen zentrale Fragen der Digitalisierung und Internationalisierung aus der Perspektive des \u00d6ffentlichen Rechts, des Unionsrechts und des V\u00f6lkerrechts auf. Diese sind im Rahmen einer Ringvorlesung der Rechtswissenschaftlichen Fakult\u00e4t der Universit\u00e4t Innsbruck im Studienjahr 2024\/25 entstanden. Analysiert und diskutiert werden aktuelle Herausforderungen, die sich aus der Digitalisierung im Mobilit\u00e4tssektor sowie von Verwaltungsverfahren ergeben. Dar\u00fcber hinaus setzen sich die Autorinnen und Autoren mit der europ\u00e4ischen und v\u00f6lkerrechtlichen Regulierung des Cyberspace, von Onlinekommunikation, von Mediendiensten sowie von k\u00fcnstlicher Intelligenz auseinander."}

Der vorliegende Band greift in sieben Beiträgen zentrale Fragen der Digitalisierung und Internationalisierung aus der Perspektive des Öffentlichen Rechts, des Unionsrechts und des Völkerrechts auf. Diese sind im Rahmen einer Ringvorlesung der Rechtswissenschaftlichen Fakultät der Universität Innsbruck im Studienjahr 2024/25 entstanden. Analysiert und diskutiert werden aktuelle Herausforderungen, die sich aus der Digitalisierung im Mobilitätssektor sowie von Verwaltungsverfahren ergeben. Darüber hinaus setzen sich die Autorinnen und Autoren mit der europäischen und völkerrechtlichen Regulierung des Cyberspace, von Onlinekommunikation, von Mediendiensten sowie von künstlicher Intelligenz auseinander.
